{"id":9,"date":"2024-09-22T11:21:15","date_gmt":"2024-09-22T11:21:15","guid":{"rendered":"https:\/\/lab.cinemacordoba.com\/?page_id=9"},"modified":"2024-09-23T19:28:20","modified_gmt":"2024-09-23T17:28:20","slug":"inicio","status":"publish","type":"page","link":"https:\/\/lab.cinemacordoba.com\/","title":{"rendered":"Inicio"},"content":{"rendered":"\t\t<div data-elementor-type=\"wp-page\" data-elementor-id=\"9\" class=\"elementor elementor-9\" data-elementor-post-type=\"page\">\n\t\t\t\t<div data-particle_enable=\"false\" data-particle-mobile-disabled=\"false\" class=\"elementor-element elementor-element-b9a5a55 e-con-full e-flex e-con e-parent\" data-id=\"b9a5a55\" data-element_type=\"container\">\n\t\t<div data-particle_enable=\"false\" data-particle-mobile-disabled=\"false\" class=\"elementor-element elementor-element-0c51943 e-con-full e-flex e-con e-child\" data-id=\"0c51943\" data-element_type=\"container\" data-settings=\"{&quot;background_background&quot;:&quot;classic&quot;}\">\n\t\t\t\t<div class=\"elementor-element elementor-element-fae309d elementor-widget elementor-widget-heading\" data-id=\"fae309d\" data-element_type=\"widget\" data-widget_type=\"heading.default\">\n\t\t\t\t<div class=\"elementor-widget-container\">\n\t\t\t<h2 class=\"elementor-heading-title elementor-size-default\">II Edici\u00f3n | 2024<\/h2>\t\t<\/div>\n\t\t\t\t<\/div>\n\t\t\t\t<div class=\"elementor-element elementor-element-1df8815 elementor-widget elementor-widget-heading\" data-id=\"1df8815\" data-element_type=\"widget\" data-widget_type=\"heading.default\">\n\t\t\t\t<div class=\"elementor-widget-container\">\n\t\t\t<h2 class=\"elementor-heading-title elementor-size-default\">Cinema\u2022lab<\/h2>\t\t<\/div>\n\t\t\t\t<\/div>\n\t\t\t\t<div class=\"elementor-element elementor-element-d89b71d elementor-widget elementor-widget-heading\" data-id=\"d89b71d\" data-element_type=\"widget\" data-widget_type=\"heading.default\">\n\t\t\t\t<div class=\"elementor-widget-container\">\n\t\t\t<h2 class=\"elementor-heading-title elementor-size-default\">Laboratorio de proyectos de ficci\u00f3n y documental destinado a productoras cinematogr\u00e1ficas y creadores andaluces.<\/h2>\t\t<\/div>\n\t\t\t\t<\/div>\n\t\t\t\t<\/div>\n\t\t<div data-particle_enable=\"false\" data-particle-mobile-disabled=\"false\" class=\"elementor-element elementor-element-09fbe9d e-con-full e-flex e-con e-child\" data-id=\"09fbe9d\" data-element_type=\"container\" data-settings=\"{&quot;background_background&quot;:&quot;slideshow&quot;,&quot;background_slideshow_gallery&quot;:[{&quot;id&quot;:23,&quot;url&quot;:&quot;https:\\\/\\\/lab.cinemacordoba.com\\\/wp-content\\\/uploads\\\/2024\\\/09\\\/actividad.png&quot;},{&quot;id&quot;:36,&quot;url&quot;:&quot;https:\\\/\\\/lab.cinemacordoba.com\\\/wp-content\\\/uploads\\\/2024\\\/09\\\/foto0.jpg&quot;},{&quot;id&quot;:37,&quot;url&quot;:&quot;https:\\\/\\\/lab.cinemacordoba.com\\\/wp-content\\\/uploads\\\/2024\\\/09\\\/foto1.jpg&quot;},{&quot;id&quot;:38,&quot;url&quot;:&quot;https:\\\/\\\/lab.cinemacordoba.com\\\/wp-content\\\/uploads\\\/2024\\\/09\\\/foto6.jpg&quot;},{&quot;id&quot;:39,&quot;url&quot;:&quot;https:\\\/\\\/lab.cinemacordoba.com\\\/wp-content\\\/uploads\\\/2024\\\/09\\\/foto10.jpg&quot;},{&quot;id&quot;:40,&quot;url&quot;:&quot;https:\\\/\\\/lab.cinemacordoba.com\\\/wp-content\\\/uploads\\\/2024\\\/09\\\/foto13.jpg&quot;},{&quot;id&quot;:41,&quot;url&quot;:&quot;https:\\\/\\\/lab.cinemacordoba.com\\\/wp-content\\\/uploads\\\/2024\\\/09\\\/foto14.jpg&quot;}],&quot;background_slideshow_slide_duration&quot;:3000,&quot;background_slideshow_transition_duration&quot;:600,&quot;background_slideshow_loop&quot;:&quot;yes&quot;,&quot;background_slideshow_slide_transition&quot;:&quot;fade&quot;}\">\n\t\t\t\t<div class=\"elementor-element elementor-element-4194c36 elementor-widget elementor-widget-spacer\" data-id=\"4194c36\" data-element_type=\"widget\" data-widget_type=\"spacer.default\">\n\t\t\t\t<div class=\"elementor-widget-container\">\n\t\t\t\t\t<div class=\"elementor-spacer\">\n\t\t\t<div class=\"elementor-spacer-inner\"><\/div>\n\t\t<\/div>\n\t\t\t\t<\/div>\n\t\t\t\t<\/div>\n\t\t\t\t<\/div>\n\t\t\t\t<\/div>\n\t\t<div data-particle_enable=\"false\" data-particle-mobile-disabled=\"false\" class=\"elementor-element elementor-element-2344238 e-flex e-con-boxed e-con e-parent\" data-id=\"2344238\" data-element_type=\"container\" data-settings=\"{&quot;background_background&quot;:&quot;classic&quot;}\">\n\t\t\t\t\t<div class=\"e-con-inner\">\n\t\t<div data-particle_enable=\"false\" data-particle-mobile-disabled=\"false\" class=\"elementor-element elementor-element-8a107d3 e-con-full e-flex e-con e-child\" data-id=\"8a107d3\" data-element_type=\"container\">\n\t\t\t\t<div class=\"elementor-element elementor-element-dca2afa elementor-widget elementor-widget-heading\" data-id=\"dca2afa\" data-element_type=\"widget\" data-widget_type=\"heading.default\">\n\t\t\t\t<div class=\"elementor-widget-container\">\n\t\t\t<h2 class=\"elementor-heading-title elementor-size-default\">\u00bb bases 2024<\/h2>\t\t<\/div>\n\t\t\t\t<\/div>\n\t\t\t\t<\/div>\n\t\t<div data-particle_enable=\"false\" data-particle-mobile-disabled=\"false\" class=\"elementor-element elementor-element-d4d16e5 e-con-full e-flex e-con e-child\" data-id=\"d4d16e5\" data-element_type=\"container\">\n\t\t\t\t<div class=\"elementor-element elementor-element-019bd86 elementor-widget elementor-widget-heading\" data-id=\"019bd86\" data-element_type=\"widget\" data-widget_type=\"heading.default\">\n\t\t\t\t<div class=\"elementor-widget-container\">\n\t\t\t<h2 class=\"elementor-heading-title elementor-size-default\">\u00bb prensa<\/h2>\t\t<\/div>\n\t\t\t\t<\/div>\n\t\t\t\t<\/div>\n\t\t<div data-particle_enable=\"false\" data-particle-mobile-disabled=\"false\" class=\"elementor-element elementor-element-71e6809 e-con-full e-flex e-con e-child\" data-id=\"71e6809\" data-element_type=\"container\">\n\t\t\t\t<div class=\"elementor-element elementor-element-b789558 elementor-widget elementor-widget-heading\" data-id=\"b789558\" data-element_type=\"widget\" data-widget_type=\"heading.default\">\n\t\t\t\t<div class=\"elementor-widget-container\">\n\t\t\t<h2 class=\"elementor-heading-title elementor-size-default\">\u00bb Programa<\/h2>\t\t<\/div>\n\t\t\t\t<\/div>\n\t\t\t\t<\/div>\n\t\t<div data-particle_enable=\"false\" data-particle-mobile-disabled=\"false\" class=\"elementor-element elementor-element-b4c71aa e-con-full e-flex e-con e-child\" data-id=\"b4c71aa\" data-element_type=\"container\">\n\t\t\t\t<div class=\"elementor-element elementor-element-623cced elementor-widget elementor-widget-heading\" data-id=\"623cced\" data-element_type=\"widget\" data-widget_type=\"heading.default\">\n\t\t\t\t<div class=\"elementor-widget-container\">\n\t\t\t<h2 class=\"elementor-heading-title elementor-size-default\">\u00bb Invitados<\/h2>\t\t<\/div>\n\t\t\t\t<\/div>\n\t\t\t\t<\/div>\n\t\t\t\t\t<\/div>\n\t\t\t\t<\/div>\n\t\t<div data-particle_enable=\"false\" data-particle-mobile-disabled=\"false\" class=\"elementor-element elementor-element-472a6e9 e-flex e-con-boxed e-con e-parent\" data-id=\"472a6e9\" data-element_type=\"container\" data-settings=\"{&quot;background_background&quot;:&quot;classic&quot;}\">\n\t\t\t\t\t<div class=\"e-con-inner\">\n\t\t<div data-particle_enable=\"false\" data-particle-mobile-disabled=\"false\" class=\"elementor-element elementor-element-20a346b e-con-full e-flex e-con e-child\" data-id=\"20a346b\" data-element_type=\"container\">\n\t\t\t\t<div class=\"elementor-element elementor-element-df3f530 elementor-widget elementor-widget-text-editor\" data-id=\"df3f530\" data-element_type=\"widget\" data-widget_type=\"text-editor.default\">\n\t\t\t\t<div class=\"elementor-widget-container\">\n\t\t\t\t\t\t\t<p>CINEMA Lab es una actividad organizada por el\u00a0<b>Instituto Municipal de Desarrollo Econ\u00f3mico y Empleo de C\u00f3rdoba (IMDEEC)<\/b>\u00a0a trav\u00e9s de Inania Studios que cuenta con la colaboraci\u00f3n de la asociaci\u00f3n RECORD.<\/p><p>Se trata de un laboratorio de proyectos de ficci\u00f3n y documental destinado a productoras cinematogr\u00e1ficas y creadores andaluces con largometrajes en fase de desarrollo. Los proyectos seleccionados para el laboratorio reciben una bolsa econ\u00f3mica en concepto de participaci\u00f3n y una asesor\u00eda personalizada de Nazaret Garc\u00eda Crespo\u00a0<a href=\"https:\/\/www.stories2be.com\/\" rel=\"noopener\">www.stories2be.com<\/a>\u00a0, adem\u00e1s de participar en reuniones one-to-one con importantes profesionales del sector.<\/p><p>La selecci\u00f3n de los diez proyectos finalistas de esta primera edici\u00f3n de CINEMA Lab se ha realizado en base a criterios de calidad y potencial de financiaci\u00f3n.\u00a0<\/p>\t\t\t\t\t\t<\/div>\n\t\t\t\t<\/div>\n\t\t\t\t<div class=\"elementor-element elementor-element-9b17e7a elementor-widget elementor-widget-spacer\" data-id=\"9b17e7a\" data-element_type=\"widget\" data-widget_type=\"spacer.default\">\n\t\t\t\t<div class=\"elementor-widget-container\">\n\t\t\t\t\t<div class=\"elementor-spacer\">\n\t\t\t<div class=\"elementor-spacer-inner\"><\/div>\n\t\t<\/div>\n\t\t\t\t<\/div>\n\t\t\t\t<\/div>\n\t\t\t\t<div class=\"elementor-element elementor-element-447b03d elementor-widget elementor-widget-image\" data-id=\"447b03d\" data-element_type=\"widget\" data-widget_type=\"image.default\">\n\t\t\t\t<div class=\"elementor-widget-container\">\n\t\t\t\t\t\t\t\t\t\t\t\t\t<img fetchpriority=\"high\" decoding=\"async\" width=\"800\" height=\"391\" src=\"https:\/\/lab.cinemacordoba.com\/wp-content\/uploads\/2024\/09\/logos-varios-1-1.png\" class=\"attachment-large size-large wp-image-56\" alt=\"\" srcset=\"https:\/\/lab.cinemacordoba.com\/wp-content\/uploads\/2024\/09\/logos-varios-1-1.png 986w, https:\/\/lab.cinemacordoba.com\/wp-content\/uploads\/2024\/09\/logos-varios-1-1-300x147.png 300w, https:\/\/lab.cinemacordoba.com\/wp-content\/uploads\/2024\/09\/logos-varios-1-1-768x375.png 768w\" sizes=\"(max-width: 800px) 100vw, 800px\" \/>\t\t\t\t\t\t\t\t\t\t\t\t\t<\/div>\n\t\t\t\t<\/div>\n\t\t\t\t<\/div>\n\t\t\t\t\t<\/div>\n\t\t\t\t<\/div>\n\t\t\t\t<\/div>\n\t\t","protected":false},"excerpt":{"rendered":"<p>II Edici\u00f3n | 2024 Cinema\u2022lab Laboratorio de proyectos de ficci\u00f3n y documental destinado a productoras cinematogr\u00e1ficas y creadores andaluces. \u00bb bases 2024 \u00bb prensa \u00bb Programa \u00bb Invitados CINEMA Lab es una actividad organizada por el\u00a0Instituto Municipal de Desarrollo Econ\u00f3mico y Empleo de C\u00f3rdoba (IMDEEC)\u00a0a trav\u00e9s de Inania Studios que cuenta con la colaboraci\u00f3n de [&hellip;]<\/p>\n","protected":false},"author":1,"featured_media":0,"parent":0,"menu_order":0,"comment_status":"closed","ping_status":"closed","template":"elementor_canvas","meta":{"footnotes":""},"class_list":["post-9","page","type-page","status-publish","hentry"],"_links":{"self":[{"href":"https:\/\/lab.cinemacordoba.com\/index.php\/wp-json\/wp\/v2\/pages\/9","targetHints":{"allow":["GET"]}}],"collection":[{"href":"https:\/\/lab.cinemacordoba.com\/index.php\/wp-json\/wp\/v2\/pages"}],"about":[{"href":"https:\/\/lab.cinemacordoba.com\/index.php\/wp-json\/wp\/v2\/types\/page"}],"author":[{"embeddable":true,"href":"https:\/\/lab.cinemacordoba.com\/index.php\/wp-json\/wp\/v2\/users\/1"}],"replies":[{"embeddable":true,"href":"https:\/\/lab.cinemacordoba.com\/index.php\/wp-json\/wp\/v2\/comments?post=9"}],"version-history":[{"count":46,"href":"https:\/\/lab.cinemacordoba.com\/index.php\/wp-json\/wp\/v2\/pages\/9\/revisions"}],"predecessor-version":[{"id":130,"href":"https:\/\/lab.cinemacordoba.com\/index.php\/wp-json\/wp\/v2\/pages\/9\/revisions\/130"}],"wp:attachment":[{"href":"https:\/\/lab.cinemacordoba.com\/index.php\/wp-json\/wp\/v2\/media?parent=9"}],"curies":[{"name":"wp","href":"https:\/\/api.w.org\/{rel}","templated":true}]}}